 is divided by 16?
14
Suppose 6*t - 458 = -14. Calculate the remainder when 1183 is divided by t.
73
Suppose -6*b - 25 = -11*b. Suppose b*f - 7 = 3*f + 3*d, -3*d + 13 = 2*f. Calculate the remainder when f is divided by (-1)/(-7) + 4 + (-3)/21.
1
Suppose -61*b + 18216 = 75*b + 48*b. Calculate the remainder when b is divided by 89.
10
Let n be (1 + -4 - -2)*-7. Suppose 0 = -5*z + n + 233. Suppose p - k - 276 = -263, -2*p + 3*k + 26 = 0. Calculate the remainder when z is divided by p.
9
Let k = -21502 - -30579. What is the remainder when k is divided by 20?
17
Suppose -204*h = -82*h - 1708. Calculate the remainder when 38 is divided by h.
10
What is the remainder when 14 + (-7 + -8 - -516) is divided by 11?
9
Suppose 649*l + 6943 = 652*l + 4*y, 3*l = 5*y + 6907. Calculate the remainder when l is divided by 1149.
11
Calculate the remainder when ((-78)/24)/((-21)/2772) is divided by 91.
65
Let c = 21 + -17. Let g be 6*c/(-8) + 4. Calculate the remainder when -1*(-93 - g)/2 is divided by 16.
15
Suppose -34*t - 95 = -2*o - 29*t, -o - 2*t + 25 = 0. What is the remainder when 3742 is divided by o?
32
Let t be -2 - ((5 - 66) + -1). Suppose 4*w - t = -w. What is the remainder when 47 is divided by w?
11
Let v(g) = -4*g**3 - g**2. Let q be v(-1). Suppose -r = -4*t - 48 - 21, q*t = -4*r - 28. What is the remainder when 5 is divided by (-14)/t + 2/16?
0
Let g = 327 + 19. Let i = 361 - g. Calculate the remainder when 49 is divided by i.
4
Calculate the remainder when ((-14294574)/76)/(-49) - ((-2)/(-4))/(-1) is divided by 128.
127
Let s(w) = w**2 - 203*w + 626. Calculate the remainder when 1793 is divided by s(3).
25
Let r(g) = -23*g + 1. Let f be r(-2). Let i = 79 - f. What is the remainder when i is divided by (1 - 19/21 - 2517/5873)*-51?
15
Let l be 2/((-4)/7) + 99/66. Let r = 123 - l. What is the remainder when r is divided by 64?
61
Suppose 87 - 85 = -k, -3*k = 2*p - 22. Suppose 6*c - 324 = 2*c. What is the remainder when c is divided by p?
11
Let c(g) = -119*g + 5957. Calculate the remainder when 615 is divided by c(45).
13
Let y be 428/20 - (-1)/5*-2. Suppose -289 = 4*w - y*w. What is the remainder when 32 is divided by w?
15
Let t(w) = -39*w + 1191. Calculate the remainder when 270 is divided by t(30).
18
Let h(r) = 56*r - 82. Suppose 5*n - 190 + 170 = 0. Calculate the remainder when h(n) is divided by 44.
10
Suppose 5*x - 4 = -3*j + 21, 4*x - 5*j - 20 = 0. Suppose -3*y - 243 = -3*p, -5*p = -3*p + x*y - 134. Calculate the remainder when 460 is divided by p.
75
Suppose -226 = 20*q + 174. Calculate the remainder when (-1 + (-36)/q)/(3/435) is divided by 31.
23
Suppose 140*d = 141*d + 10. Calculate the remainder when 30 is divided by (-30)/(-125)*5*d/(-4).
0
Let b(z) = z**3 - 6*z**2 + 4*z - 2. Let x be b(5). Let r(t) = t**2 + 6*t + 7. Calculate the remainder when ((-66)/30 - -3)*30 is divided by r(x).
10
Let j = 127 - 103. Suppose -j*a + 28*a = -180. Let v = a + 92. Calculate the remainder when v is divided by 17.
13
Suppose 31*a + 11696 = 41642. Suppose -974*t = -a*t - 608. Calculate the remainder when 224 is divided by t.
72
Let y(n) = -n**2 + 15*n - 7. Let k be y(15). Suppose -2*z - 47 + 59 = 0. What is the remainder when (-2 - 4*k) + -4 is divided by z?
4
Suppose j + 2*j = 600. What is the remainder when j is divided by 2 + 5*20/25*(-50)/(-20)?
8
Let f = -592 - -268. Let p = f + 331. What is the remainder when 82 is divided by p?
5
Let t = -422 - -471. Calculate the remainder when t is divided by 2 - ((-13 - -7) + -7).
4
Let r = 36 - -36. Let h(b) = -b**2 - 10*b + 25. Let p be h(-12). Calculate the remainder when r is divided by (p/3)/((-10)/(-1140)).
34
Suppose 7926*c = 7958*c - 23008. What is the remainder when c is divided by 120?
119
Let t = -11 + 14. Suppose 2*q + 9 = g - 1, t*g - 5*q - 27 = 0. Let s = 10 - g. What is the remainder when 22 is divided by s?
4
Let u(h) = 11*h**2 + 4*h + 4. Let j be u(-3). Let v(q) = q**2 + 61*q + 965. Let z be v(-22). Let w = z - j. Calculate the remainder when 90 is divided by w.
10
Let g(p) = p**3 + 6*p**2 - 37*p - 18. Calculate the remainder when g(-9) is divided by 50.
22
Suppose 5*a - 277 = -2*z - 9, -36 = -a + 4*z. Let f(b) = -2*b**3 + 15*b**2 + 26*b - 115. What is the remainder when a is divided by f(8)?
23
Let f = 147 + -141. Suppose 24 = 3*i - 2*a - 160, i + 5*a = 50. What is the remainder when (1 + 52/f)/(10/i) is divided by 20?
18
Suppose -1 = 4*r + 7, -5*c + 888 = -4*r. Let k = c - 143. Suppose 4*w - 30 = -2*t, 5*w = w + 2*t + 50. Calculate the remainder when k is divided by w.
3
Let f(t) = -6*t - 9. Suppose -27*k + 416 = -23*k. What is the remainder when k is divided by f(-5)?
20
Let i = 88 + -49. Let m = 65 - i. Calculate the remainder when m is divided by (-20)/(-2) - -4*15/(-20).
5
Calculate the remainder when 1342 is divided by (-9443)/(-56) + 9/24 + (-70)/(-10).
110
Let x be (11 - -1)/(0 - -1). Let z = 6594 + -6561. Suppose -x*f = -z*f + 1218. What is the remainder when f is divided by 15?
13
Let w(r) = -r**3 + 22*r**2 + 129*r - 2507. Calculate the remainder when w(22) is divided by 277.
54
Let k(u) = 59*u + 9624. Let b = 39 - 2. What is the remainder when k(-160) is divided by b?
36
Let x(k) = -k**2 + 20*k + 2. Let i be x(18). Let v(f) = 10*f**2 + 20*f - 24*f**2 + i + 13*f**2. Calculate the remainder when 63 is divided by v(21).
12
Let w = 76 + -67. Suppose w*k + 16*k = 675. Calculate the remainder when 178 is divided by k.
16
Suppose 2*u = -17*u + 2850. Suppose 55 + u = 41*l. Calculate the remainder when 125 is divided by l.
0
Let u be (3 - 2)/(2/(-12)). Let s = u - -9. Suppose -s*r + 42 = -132. What is the remainder when r is divided by 12?
10
Suppose 2*d + 3*y - 267 = 0, 98 - 78 = 4*y. Calculate the remainder when 1378 is divided by d.
118
Let f(h) = h**3 + 4*h**2 - 146*h - 743. What is the remainder when ((-1)/2)/1*-90 is divided by f(-11)?
13
Let w = -15495 - -15532. What is the remainder when 9211 is divided by w?
35
Suppose 12*f - 22 = 26. Suppose -6*d = -d - 10. What is the remainder when d is divided by 8 + (4/(-2) - f)?
0
Let n(v) = -v**3 - 10*v**2 + 17*v + 11. What is the remainder when n(-14) is divided by 9*(-10 + 282/18)?
47
Suppose 5*c - 8*v + 11*v = 2954, 0 = -5*v - 35. What is the remainder when c is divided by 62?
37
Let s be (-24)/(-5)*(-1030)/(-1). Suppose -9*u + 15888 = s. What is the remainder when u is divided by 42?
40
Let u(k) = -19*k**2 - 24*k - 5 + 30*k + 2*k**3 - 7*k. Calculate the remainder when u(10) is divided by 31.
23
What is the remainder when (-4)/6*(-3534)/76 is divided by 23?
8
Suppose 0*d - 75 = 18*d - 327. What is the remainder when 169 is divided by d?
1
Let k(u) = 56*u**3 - u**2 + 2*u - 1. Suppose 0 = -7*a - 39 - 59. What is the remainder when k(1) is divided by ((-1)/2)/(a/532)?
18
Let v(k) = 100*k - 3. Let r be 87/145 + 2*(-3)/(-15). What is the remainder when v(r) is divided by 32?
1
Let r(o) = 26060*o + 417049. Suppose 0 = -u - u + 98. What is the remainder when r(-16) is divided by u?
40
Suppose -r = 4*s - 30, r + s - 24 = -9. What is the remainder when (20865/r)/(-13)*-2 is divided by 65?
61
Let k = -1266 + 2248. What is the remainder when k is divided by 41?
39
Suppose -2*j - 3*r = -468, r + 1189 = 5*j - r. What is the remainder when j is divided by 116 - 31 - (12 + -4)?
6
Suppose 0 = 3*d + 15, -48*d - 322 = -x - 44*d. Calculate the remainder when 3595 is divided by x.
273
Let g(u) = -32*u + 1400. Let j(k) = 7*k**2 + 4*k**2 - 10 + 3*k - 4*k - 4*k**3 + 3*k**3. Calculate the remainder when j(9) is divided by g(43).
23
Suppose 312*x - 317*x = -w + 376, 724 = 2*w + 4*x. Calculate the remainder when w is divided by 96.
78
Let i(r) = 2*r - 4 + 8 - 3 - r + 6. Calculate the remainder when i(-2) is divided by 2.
1
Suppose -42*x = -3963 - 2001. What is the remainder when x is divided by 74?
68
Suppose -k - 3*k + 8 = 0. Suppose -3*m - 129 = -3*h, -k*h - 2*m = 3*m - 107. What is the remainder when 84 is divided by h?
38
Let x(z) = -z**2 - 57*z + 1463. Calculate the remainder when 394 is divided by x(-76).
14
Let b = 5195 - 2655. What is the remainder when b is divided by 255?
245
Suppose -13*s + 241 = 176. Suppose 5*c + 15 = 0, -293 = -5*y + s*c + 227. What is the remainder when y is divided by 91?
10
Let j = 15 + -12. Suppose -j*f + 34 = -161. Let v(n) 